e factors of ((-19)/((-1653)/(-116)) - 90050/(-24))*4?
3, 1667
Suppose 5*c + 79*d - 76*d - 20917 = 0, 12543 = 3*c + 3*d. List the prime factors of c.
53, 79
Let q be (18/(-8))/((-18)/168). List the prime factors of 1467 - -15*7/q.
2, 23
Let o(w) = 12*w**2 - 16*w - 230. Suppose 25 = -3*z - 4*h, 2*z + h = -4*h - 12. List the prime factors of o(z).
2, 3, 233
Suppose 0 = -i + m + 3, 4*i = -8*m + 3*m - 6. Let j be 276/4 - (4 + i). Let l = 92 + j. What are the prime factors of l?
2, 3, 13
Let t(v) = 2*v**2 - 9*v - 1703. What are the prime factors of t(65)?
2, 3, 13, 79
Let h = 558 - 556. Suppose -2651 = -3*i + h*q - 49, 5*q - 4295 = -5*i. What are the prime factors of i?
2, 3
Suppose -97195 - 3667 = -94*c. List the prime factors of c.
29, 37
Let w be ((-461)/2)/(25/10 - 3). Suppose -w = -4*f + f - 4*p, -p - 142 = -f. What are the prime factors of (f/(-15)*2)/(1/(-5))?
2, 7
Suppose 43*c = 101*c - 378740. What are the prime factors of c?
2, 5, 653
Suppose -361094 + 1148078 + 741004 = 41*n. What are the prime factors of n?
2, 7, 11
Let y(j) = 2*j**3 - 5*j**2 - 6*j + 30. Let q be (-1)/3*-25 - (-13)/(-39). List the prime factors of y(q).
2, 7
Let u(c) = -c**2 + 14*c - 10. Let n be u(13). Suppose -4911 = x - 3*x + n*z, -x + 2457 = -2*z. List the prime factors of 4/18 - x/(-27).
7, 13
Let g = -13049 - -14095. What are the prime factors of g?
2, 523
Let r be -1*(-9)/(18/92). Let n = r - 40. Suppose 0 = 2*d - 3*m - 77, d = n*m - m + 28. List the prime factors of d.
43
Let a = -23377 + 35473. What are the prime factors of a?
2, 3, 7
Suppose -3*r - 5*y = -52, -57 = -3*r - 4*y - 7. Suppose 0 = r*o - 201 - 4657. What are the prime factors of o?
347
What are the prime factors of (702/5)/(3 - 9878/3300)?
2, 3, 5, 13
Let d be 45675/100 - 2/(-8). Suppose i = 4*b + 56 + 200, d = 2*i + 3*b. What are the prime factors of i?
2, 59
Suppose 0 = -2*i - 13*y + 18*y + 12105, -2*i + 12103 = -3*y. List the prime factors of i.
2, 5, 11
Let j = -354 - -366. List the prime factors of (-2598)/j*-2 + -1.
2, 3
Let v(c) = 46*c**3 - 13*c**2 + 27*c - 120. What are the prime factors of v(6)?
2, 3, 5, 317
Suppose 8*a - 25 + 17 = 0. Let p(t) = 7*t**2 + a + 1 - 10*t**2 + 26*t + 2*t**2. What are the prime factors of p(26)?
2
Let r(u) = -2*u + 26. Let p be r(8). Suppose -p*a + 33 = a. Suppose 3*h - 792 = -a*h. What are the prime factors of h?
2, 3, 11
Suppose -2*n + 17281 + 36921 = 10738. List the prime factors of n.
2, 3, 1811
Let t = -21532 + 47642. Suppose -36*c + t = -34298. List the prime factors of c.
2, 839
Suppose 3*k - 27120 = 3408. What are the prime factors of k?
2, 3, 53
Suppose 0 = 2*j - 99 + 17. Let q = j - 38. What are the prime factors of ((-21)/(-6) - q)*76?
2, 19
Let u = 2 - -312. Let s = u - -31. List the prime factors of s.
3, 5, 23
Suppose -4*i + 17 = 3*x, 2*x - 2 = -2*i + 6. Let a be (x + (-3)/(-4))*(0 - 0). Suppose a = -2*m + 5*m - 549. What are the prime factors of m?
3, 61
Suppose -5 + 13 = -2*f, -f = -u + 8. What are the prime factors of (-5)/(70/7) - (-1238)/u?
3, 103
Let o(t) = t + 10. Let p be o(-8). Let y(r) be the first derivative of r**4/2 + r**3 - 3*r**2/2 + r - 6. List the prime factors of y(p).
23
Suppose 6*t - 120194 = -13*t. Suppose i = 3*m - 5918 + 1171, 4*m - 2*i = t. What are the prime factors of m?
2, 3, 11
Let d(u) = 1258*u + 999. What are the prime factors of d(20)?
7, 37, 101
Let u(z) = 210*z + 7106. What are the prime factors of u(-5)?
2, 757
Let r = 84 - 100. List the prime factors of (r/6)/((-26)/2301).
2, 59
Suppose 5*n + 25 = 0, 4*n - 2577 + 12114 = h. What are the prime factors of h?
31, 307
Suppose -17*o + 5*o + 108 = 0. Suppose o*r - 565 = 731. List the prime factors of r.
2, 3
What are the prime factors of 11/((-462)/(-207288)) + 32/56?
2, 617
Suppose -6*t - 1180 = -8902. Suppose 11*h = -0*h + t. List the prime factors of h.
3, 13
Let u be 143 + 6/(-2 - -5). Suppose -3*k - 3*k = -24. Suppose -k*p + u = p. What are the prime factors of p?
29
Let z be (-27)/8 - 3/(-8). What are the prime factors of (372/(-31))/(z/424)?
2, 53
Suppose 23*j = 25*j - 2*o - 6694, -5*j = 2*o - 16714. What are the prime factors of j?
2, 11, 19
Suppose -5*j - 4 = 3*c - 4*j, 5*c = 2*j + 8. Suppose c = 6*y - 1157 - 817. What are the prime factors of y?
7, 47
Suppose -2*b + 27 = 21. Suppose 4*k - b*m = -618, -5*k + 233 - 1004 = -3*m. Let c = -65 - k. List the prime factors of c.
2, 11
Let k(q) = -17*q + 162. Let p be k(10). What are the prime factors of (3806/6)/(12/(-288)*p)?
11, 173
Suppose -2*z - 4*d + 16 = 0, -d + 21 = 2*z + 2*d. Let y be (-3)/(z/(-116)) - 18/(-27). Let t = y + 98. List the prime factors of t.
2, 59
Let a(d) = d**3 + 11*d**2 - 13*d + 3. Suppose -3*m = -0*m - 153. Let p = 40 - m. List the prime factors of a(p).
2, 73
Suppose -2*o = w - 10, 0*o + 3*w - 14 = -2*o. Suppose 46 = -3*s - 3*x + 7*x, o*x - 4 = 0. What are the prime factors of 8/(-2)*119/s?
2, 17
Let m(n) be the second derivative of 0 + 17/2*n**2 + 15*n - 5/6*n**3. List the prime factors of m(-10).
67
Let i = -8 - -17. Suppose 3*w = 4*f - 13, -5*w = -16 - i. Suppose 0 = -f*z + z + 246. What are the prime factors of z?
41
Suppose -12*s + 31 = -r - 8*s, 3*r = 3*s - 102. Let m = 137 - r. What are the prime factors of m?
2, 43
Suppose 3*o - o = -0*o, -5*f + 22265 = o. What are the prime factors of f?
61, 73
Suppose 5*y - 3211 = -3*n, -30*y + 34*y + 3*n - 2567 = 0. List the prime factors of y.
2, 7, 23
Let l(g) = 5*g**2 - 28*g + 28. Let c be l(1). Suppose -n = 3*n + 3*f - 1980, -5*n = c*f - 2480. What are the prime factors of n?
2, 3, 41
Suppose -126945 = 499*z - 512*z. List the prime factors of z.
3, 5, 7, 31
Suppose 3*f + 2*z = z - 2726, -5*f - 5*z - 4540 = 0. Let s = -497 - f. What are the prime factors of s?
2, 103
Suppose 5*p + 18 = -k, 5*k = 63*p - 59*p + 26. Suppose 5*d + 2847 = k*i, -21*i - d - 1422 = -22*i. List the prime factors of i.
7, 29
Let w(g) = -7459*g**3 + 73*g**2 + 73*g - 1. List the prime factors of w(-1).
2, 3, 11, 113
Suppose -2*f + 2 = -c, -5*f + 3 = -2*c - 1. Suppose -d - 4*n + 532 = f, 4*d - 2*n = -3*n + 2083. List the prime factors of d.
2, 5, 13
Let c be 194 - (2 + 0 + 1). Let b = -88 + c. What are the prime factors of b?
103
Let h be (12/18)/(4/90). Suppose 0 = -25*g + 20*g + h. List the prime factors of (-3 - 10/(-4))/(g/(-378)).
3, 7
List the prime factors of ((-7)/3)/((-1862)/4618824).
2, 1447
Let d(o) be the third derivative of o**5/60 + 3*o**3/2 - 2*o**2. Let m = -884 + 880. List the prime factors of d(m).
5
Suppose 49 = 4*t - 31. Suppose -t = -52*s + 47*s. Suppose -466 = -s*a + 26. List the prime factors of a.
3, 41
Suppose 19*h = -16 - 60. List the prime factors of 43/(198/48 + h).
2, 43
Let u(c) = -c**2 - 2. Let p be u(2). List the prime factors of (56 - -91)/((-2)/p).
3, 7
Suppose 54*h = 228412 - 82234 + 72360. List the prime factors of h.
3, 19, 71
Let k(r) be the first derivative of 2*r**4 + 7*r**3/3 - 5*r**2 + 2*r + 6. Let a be k(3). Let j = a + -126. List the prime factors of j.
5
Suppose 141*n - 131*n - 222450 = 0. List the prime factors of n.
3, 5, 1483
Let v = -18120 - -33987. List the prime factors of v.
3, 41, 43
Suppose 0*m = m, 3*f - 4*m = 12. Let l be f/16 + (-580)/16. Let c = l + 199. What are the prime factors of c?
163
Let j(h) = -h**2 - 18*h + 20. Let y be j(-16). Suppose -2*s = 26 - y. Suppose -s*g + 110 = -8*g. List the prime factors of g.
2, 11
Let u(p) = -p**3 + 10*p**2 + 14*p - 38. Let r be u(11). List the prime factors of 352 - 1/(-3)*30/r.
2, 5, 7
Let h be 41 + (-48)/8 + 1. Suppose -9360 = -44*o + h*o. What are the prime factors of o?
2, 3, 5, 13
Let j(z) = 2434*z**3 - z**2 + 4*z - 4. Let m be j(1). Suppose 0 = -3*t - p + m, -2*t = 21*p - 25*p - 1636. List the prime factors of t.
2, 7, 29
Let f = -81 - -72. Let x(h) = 22*h**3 - 6*h**2 - 29*h - 13. Let o be x(f). List the prime factors of o/(-468) + ((-7)/9 - -1).
5, 7
Suppose -17 + 5 = -6*f. Let q be (-866)/(-4) + 3/f*-1. Let o = q + -98. List the prime factors of o.
3, 13
Suppose -5 = 4*d - 3*j - 14, -4*d + 12 = -4*j. List the prime factors of ((-1 - d)/(-2))/((-25)/(-34250)).
5, 137
Suppose -5*m = -h + 7, 7*m + 1 = 3*h + 12*m. Let g = 416 - 138. Suppose 4*x - 3*l = 601, -h*l - 20 = -2*x + g. What are the prime factors of x?
2, 7, 11
List the prime factors of 15 + -5 - (14 + -9 + -